Let c(o) = o**3 - 6*o**2 - 16*o + 1. Give c(8).
1
Let g(r) = -r**3 - 7*r**2 - 5*r - 3. Give g(-5).
-28
Let a(g) = g**3 + 2*g**2 + g + 2. Give a(0).
2
Let v(m) = -2*m**2 - 51*m + 25. What is v(-26)?
-1
Let i(g) = g**2 - 4*g - 11. Give i(5).
-6
Let b(w) = w**3 + 7*w**2 - 6*w - 4. Give b(-8).
-20
Let r(i) = 15*i**2 + 53*i - 17. Calculate r(-4).
11
Let w(c) = 3*c - 1. Calculate w(5).
14
Let i(k) = 4*k + 3. Determine i(6).
27
Let b(t) = 3*t**2 - 74*t - 154. What is b(-2)?
6
Let q(v) = v - 55. Calculate q(44).
-11
Let z(q) = -q**3 - 3*q**2 + 6*q + 3. Give z(-3).
-15
Let h(b) = -b**2 - 13*b - 18. What is h(-11)?
4
Let o(v) = -v**2 - 6*v + 39. What is o(-10)?
-1
Let x(z) = -2*z**3 + 12*z**2 + 12*z + 13. Give x(7).
-1
Let r(j) = -j**2 + 9*j - 12. Calculate r(5).
8
Let q(k) = -k - 2. Determine q(-8).
6
Let p(g) = -g**3 + 3*g**2 - g + 3. Calculate p(4).
-17
Let c(g) = 5*g + 40. Give c(-14).
-30
Let m(x) = -x**3 + 16*x**2 + 40*x - 67. Determine m(18).
5
Let y(i) = -i**3 - 7*i**2 - 9*i + 1. Determine y(-6).
19
Let g(h) = h - 7. Give g(7).
0
Let i(q) = -4*q - 21. Calculate i(-9).
15
Let o(c) = c**3 + 19*c**2 - 20*c + 26. Calculate o(-20).
26
Let v(i) = -i**2 - 7*i - 7. What is v(-11)?
-51
Let l(x) = x**2 - 12. Determine l(0).
-12
Let p(m) = 6*m - 2. Determine p(-5).
-32
Let i(b) = 5*b - 34. What is i(5)?
-9
Let s(b) = -2*b - 8. Calculate s(10).
-28
Let h(x) = 5*x**2 - 2*x + 2. Give h(-2).
26
Let y(f) = -f**2 - 5*f - 5. What is y(-1)?
-1
Let n(a) = a**3 + 12*a**2 + 14*a - 3. Calculate n(-11).
-36
Let z(d) = -7*d + 1. Determine z(1).
-6
Let x(f) = -f**3 - 6*f**2 - f + 5. Calculate x(-5).
-15
Let n(o) = -6*o - 5. Calculate n(-4).
19
Let a(i) = 8*i**2 + 15*i + 5. Determine a(-2).
7
Let t(v) = -3*v**2 - 48*v - 22. Give t(-15).
23
Let a(v) = -7*v**2 - v - 1. Calculate a(-1).
-7
Let d(i) = i**2 - 27*i + 32. Calculate d(27).
32
Let i(k) = 4*k - 30. What is i(-17)?
-98
Let p(v) = -v**3 + 8*v**2 - 8*v + 4. What is p(8)?
-60
Let w(c) = c**3 - c**2 + 9*c - 21. Give w(2).
1
Let h(r) = 2*r + 8. What is h(-16)?
-24
Let k(c) = -7*c**2 - 3*c - 1. Give k(-1).
-5
Let j(p) = p**2 + 11*p - 8. Calculate j(-12).
4
Let n(s) = -11*s - 110. Calculate n(-7).
-33
Let w(v) = 12*v - 6. What is w(2)?
18
Let m(h) = h**3 + 7*h**2 - 8*h + 10. Calculate m(-8).
10
Let c(z) = -5*z - 8. Give c(-1).
-3
Let l(h) = h**3 + 4*h**2 + h + 1. Determine l(-4).
-3
Let b(m) = -m**3 + 6*m**2 + 2*m + 3. Calculate b(5).
38
Let a(q) = q - 13. What is a(-9)?
-22
Let y(x) = -21*x + 109. Calculate y(5).
4
Let y(u) = -u**2 - 5*u + 1. Calculate y(-4).
5
Let o(j) = j - 11. Calculate o(8).
-3
Let v(j) = j**2 + 13*j + 7. Calculate v(-12).
-5
Let u(o) = -o**3 + 10*o**2 + 10*o + 16. Calculate u(11).
5
Let u(v) = -v + 1. What is u(9)?
-8
Let m(h) = -h**3 - 16*h**2 - 60*h + 11. Calculate m(-6).
11
Let w(c) = -c**2 - 13*c + 3. What is w(-11)?
25
Let a(m) = -m**2 + m - 2. Give a(3).
-8
Let d(y) = 2*y**2 + 5*y + 4. Determine d(5).
79
Let k(n) = -6*n. What is k(-1)?
6
Let a(x) = 17*x**2 - 2*x + 2. What is a(1)?
17
Let m(v) = -v**2 - 16*v + 12. Determine m(-14).
40
Let x(m) = -m**2 - m + 7. Determine x(6).
-35
Let q(v) = v - 24. What is q(16)?
-8
Let y(c) = -c**3 - 7*c**2 - 11*c - 23. Determine y(-6).
7
Let r(x) = -18*x - 46. Give r(-2).
-10
Let q(z) = -24*z - 2. Determine q(2).
-50
Let m(h) = -12*h**2 + 85*h - 6. Determine m(7).
1
Let t(h) = 43*h + 306. Calculate t(-7).
5
Let p(t) = -21*t - 357. Give p(-17).
0
Let r(o) = o**3 + 6*o**2 - 2*o - 2. What is r(-6)?
10
Let a(h) = h**3 - h**2 + h + 10. Calculate a(0).
10
Let j(u) = -2*u**3 - 6*u**2 + 4. Calculate j(-4).
36
Let c(j) = -28*j**3 + j**2. Calculate c(-1).
29
Let w(d) = -d**2 + 16*d - 25. Determine w(14).
3
Let i(q) = 7*q**3 + 15*q**2 + 18*q + 1. Calculate i(-1).
-9
Let j(p) = p**3 + 6*p**2 + 2*p + 1. Give j(-4).
25
Let s(i) = i**3 + 7*i**2 - 13. Give s(-6).
23
Let b(w) = -w**2 - 5*w - 2. Determine b(-6).
-8
Let b(p) = -p**2 - 36*p - 277. Calculate b(-12).
11
Let l(n) = -n**3 - 18*n**2 + 17*n - 37. What is l(-19)?
1
Let i(x) = -7*x + 7. Calculate i(7).
-42
Let a(p) = -p**3 - 12*p**2 - 11*p + 19. Determine a(-11).
19
Let j(l) = -l**2 - 20. Determine j(-10).
-120
Let y(i) = -i**3 - 32*i**2 + 35*i + 69. Determine y(-33).
3
Let y(m) = -3*m**2 + 23*m - 41. Calculate y(4).
3
Let d(g) = -g**2 - g + 2. Determine d(8).
-70
Let x(y) = -y - 17. Determine x(-6).
-11
Let m(j) = j**3 - 13*j**2 - 15*j. What is m(14)?
-14
Let q(u) = -u**2 + u + 10. What is q(0)?
10
Let w(h) = -h**2 + 16*h + 4. What is w(14)?
32
Let r(b) = b**2 + 12*b - 9. Calculate r(-8).
-41
Let c(a) = a**3 - 3*a**2 + 10*a - 5. Determine c(4).
51
Let a(q) = -14*q + 17. Determine a(1).
3
Let w(f) = -f**2 + 29*f - 64. Give w(27).
-10
Let o(n) = -n**2 - 9*n - 7. What is o(-8)?
1
Let l(v) = 8*v**3 - v**2 + 1. Give l(1).
8
Let w(a) = -4*a + 38. What is w(7)?
10
Let f(c) = 2*c + 4. What is f(-5)?
-6
Let k(r) = 5*r**2 + r - 1. Calculate k(-2).
17
Let c(u) = 89*u - 356. Calculate c(4).
0
Let d(t) = t**3 - 5*t**2 - 12*t - 15. Determine d(7).
-1
Let t(a) = -a**3 + 7*a**2 - 6*a - 3. What is t(3)?
15
Let r(o) = o**3 + 10*o**2 + 13*o. Determine r(-6).
66
Let f(a) = 7*a + 6. Calculate f(4).
34
Let k(y) = 4*y**2 - 7*y + 1. What is k(2)?
3
Let b(x) = 8*x**3 + 3*x**2 + 5*x + 3. Calculate b(-1).
-7
Let u(y) = 3*y**3 - 2*y**2 - y + 1. What is u(-1)?
-3
Let s(b) = -b**3 + 6*b**2 + 11*b - 7. Give s(8).
-47
Let n(o) = o**2 + 16*o - 34. What is n(-20)?
46
Let k(x) = -x**2 - 4*x + 11. Calculate k(0).
11
Let f(h) = -h**3 + 18*h**2 + 19*h - 11. What is f(19)?
-11
Let u(h) = -8*h**3 + 80*h**2 + h + 1. Determine u(10).
11
Let z(u) = -u**2 - 2. What is z(-2)?
-6
Let o(j) = -34*j. What is o(-1)?
34
Let a(h) = h**3 - 8*h**2 + 11*h - 14. Determine a(6).
-20
Let c(l) = -l**3 + l**2 + 27*l - 3. Calculate c(6).
-21
Let r(a) = a**3 + 8*a**2 + 5*a - 15. Calculate r(-6).
27
Let q(c) = c**2 + 12*c + 13. Determine q(-13).
26
Let s(m) = -2*m**3 + 7*m**2 + 5*m - 10. Give s(4).
-6
Let t(i) = 2*i + 32. Determine t(-13).
6
Let j(d) = -d**3 + 12*d**2 - 12*d + 2. Calculate j(11).
-9
Let d(q) = -q**3 - 9*q**2 + 2*q + 36. What is d(-9)?
18
Let a(x) = 4*x - 2. What is a(7)?
26
Let w(z) = -z**3 + 7*z**2 - 4*z - 1. Calculate w(5).
29
Let o(r) = 2*r**2 - 14*r. Give o(6).
-12
Let s(u) = u**2 - 13*u + 10. Determine s(15).
40
Let q(r) = -43*r - 170. Determine q(-4).
2
Let g(a) = -4*a - 33. Determine g(-9).
3
Let x(s) = s**2 + 6*s - 13. Determine x(-10).
27
Let f(v) = -v**2 + 22*v + 859. What is f(42)?
19
Let m(i) = -4*i + 68. Calculate m(18).
-4
Let t(c) = -c**2 + 4*c + 1. Give t(6).
-11
Let b(i) = -4*i + 10. Give b(1).
6
Let m(l) = -l**2 - 16*l - 5. Give m(-9).
58
Let u(z) = 38*z - 155. Determine u(4).
-3
Let w(u) = u**3 - 7*u**2 - 6*u + 8. Calculate w(7).
-34
Let n(g) = -g**2 + 4*g + 17. Calculate n(6).
5
Let s(q) = -2*q**2 - 66*q - 6. Calculate s(-33).
-6
Let i(f) = -f**3 + 23*f**2 + 50*f - 18. Determine i(25).
-18
Let w(a) = 2*a**2 + 39*a - 3. Give w(-20).
17
Let h(o) = -o**3 + 27*o**2 + 57*o - 21. What is h(29)?
-50
Let x(j) = -8*j**2 - 145*j - 16. Give x(-18).
2
Let c(v) = v + 9. Determine c(-4).
5
Let z(q) = -q**2 - 19*q - 30. What is z(-15)?
30
Let t(m) = -m**3 + 6*m**2 + 9*m - 11. Determine t(7).
3
Let f(d) = -9*d - 13. Give f(-2).
5
Let u(x) = 6*x**2 + 63*x + 5. What is u(-11)?
38
Let r(v) = -v**2 + 9*v - 17. Determine r(7).
-3
Let m(s) = s**2 + 5*s + 3. Give m(-6).
9
Let o(s) = 5*s. Determine o(4).
20
Let l(c) = -7*c**2 - 4*c - 4. Give l(-1).
-7
Let c(q) = -q**3 - 18*q**2 - 15*q + 28. Determine c(-17).
-6
Let p(m) = 70*m**3 - 4*m**2 + 3. Determine p(-1).
-71
Let v(q) = -q**2 - 6*q + 1. What is v(4)?
-39
Let p(q) = 2*q**2 - 3*q + 1. What is p(1)?
0
Let b(h) = -h**2 - 2. Determine b(-6).
-38
Let z(y) = -2*y**3 + 12*y**2 + 5*y - 32. Determine z(6).
-2
Let q(n) = 9*n + 146. Determine q(-14).
20
Let y(t) = -2*t**2 - 13*t - 25. Determine y(-4).
-5
Let t(q) = 10*q + 142. Determine t(-13).
12
Let p(u) = u**3 - 5*u**2 + 12*u - 8. Give p(4).
24
Let t(v) = -3*v**2 - 20*v. Calculate t(-8).
-32
Let v(z) = -4*z - 31. What is v(-12)?
17
Let c(p) = p**2 - 14*p - 3. Calculate c(14).
-3
Let a(c) = c**3 - 28*c**2 + 26*c + 30. What is a(27)?
3
Let f(l) = 2*l**3 - 4*l**2 - l + 2. Determine f(3).
17
Let a(q) = -q - 12. Determine a(-20).
8
Let y(q) = 13*q - 2. Give y(2).
24
Let q(